{"id":557,"date":"2021-03-30T22:44:46","date_gmt":"2021-03-30T22:44:46","guid":{"rendered":"http:\/\/constructoravios.com\/?page_id=557"},"modified":"2021-03-30T22:49:02","modified_gmt":"2021-03-30T22:49:02","slug":"aviso-de-privacidad","status":"publish","type":"page","link":"https:\/\/constructoravios.com\/index.php\/aviso-de-privacidad\/","title":{"rendered":"Aviso de privacidad"},"content":{"rendered":"\t\t<div data-elementor-type=\"wp-page\" data-elementor-id=\"557\" class=\"elementor elementor-557\" data-elementor-settings=\"[]\">\n\t\t\t\t\t\t\t<div class=\"elementor-section-wrap\">\n\t\t\t\t\t\t\t<section class=\"elementor-section elementor-top-section elementor-element elementor-element-3005d50d elementor-section-content-middle elementor-section-boxed elementor-section-height-default elementor-section-height-default\" data-id=\"3005d50d\" data-element_type=\"section\">\n\t\t\t\t\t\t<div class=\"elementor-container elementor-column-gap-no\">\n\t\t\t\t\t<div class=\"elementor-column elementor-col-100 elementor-top-column elementor-element elementor-element-7e5a7324\" data-id=\"7e5a7324\" data-element_type=\"column\">\n\t\t\t<div class=\"elementor-widget-wrap elementor-element-populated\">\n\t\t\t\t\t\t\t\t<div class=\"elementor-element elementor-element-617b2a4c elementor-widget elementor-widget-heading\" data-id=\"617b2a4c\" data-element_type=\"widget\" data-widget_type=\"heading.default\">\n\t\t\t\t<div class=\"elementor-widget-container\">\n\t\t\t<h4 class=\"elementor-heading-title elementor-size-default\">Aviso de privacidad<\/h4>\t\t<\/div>\n\t\t\t\t<\/div>\n\t\t\t\t<div class=\"elementor-element elementor-element-2f503c0b elementor-widget elementor-widget-text-editor\" data-id=\"2f503c0b\" data-element_type=\"widget\" data-widget_type=\"text-editor.default\">\n\t\t\t\t<div class=\"elementor-widget-container\">\n\t\t\t\t\t<div class=\"elementor-text-editor elementor-clearfix\"><p style=\"margin-bottom: 0.0001pt; text-align: justify; line-height: normal; background-image: initial; background-position: initial; background-size: initial; background-repeat: initial; background-attachment: initial; background-origin: initial; background-clip: initial; vertical-align: baseline;\"><span style=\"font-size: 12.0pt; font-family: 'Arial','sans-serif'; mso-fareast-font-family: 'Times New Roman'; color: #767171; mso-themecolor: background2; mso-themeshade: 128; mso-style-textfill-fill-color: #767171; mso-style-textfill-fill-themecolor: background2; mso-style-textfill-fill-alpha: 100.0%; mso-style-textfill-fill-colortransforms: lumm=50000; border: none windowtext 1.0pt; mso-border-alt: none windowtext 0cm; padding: 0cm; mso-fareast-language: ES-MX;\">De conformidad con lo establecido en la Ley Federal de Protecci\u00f3n de Datos Personales en Posesi\u00f3n de los Particulares, Constructora Vios &nbsp;pone a su disposici\u00f3n el siguiente aviso de privacidad. <\/span><\/p>\n<p style=\"margin-bottom: 0.0001pt; text-align: justify; line-height: normal; background-image: initial; background-position: initial; background-size: initial; background-repeat: initial; background-attachment: initial; background-origin: initial; background-clip: initial; vertical-align: baseline;\"><span style=\"font-size: 12.0pt; font-family: 'Arial','sans-serif'; mso-fareast-font-family: 'Times New Roman'; color: #767171; mso-themecolor: background2; mso-themeshade: 128; mso-style-textfill-fill-color: #767171; mso-style-textfill-fill-themecolor: background2; mso-style-textfill-fill-alpha: 100.0%; mso-style-textfill-fill-colortransforms: lumm=50000; border: none windowtext 1.0pt; mso-border-alt: none windowtext 0cm; padding: 0cm; mso-fareast-language: ES-MX;\">&nbsp;<\/span><\/p>\n<p style=\"margin-bottom: 0.0001pt; text-align: justify; line-height: normal; background-image: initial; background-position: initial; background-size: initial; background-repeat: initial; background-attachment: initial; background-origin: initial; background-clip: initial; vertical-align: baseline;\"><span style=\"font-size: 12.0pt; font-family: 'Arial','sans-serif'; mso-fareast-font-family: 'Times New Roman'; color: #767171; mso-themecolor: background2; mso-themeshade: 128; mso-style-textfill-fill-color: #767171; mso-style-textfill-fill-themecolor: background2; mso-style-textfill-fill-alpha: 100.0%; mso-style-textfill-fill-colortransforms: lumm=50000; border: none windowtext 1.0pt; mso-border-alt: none windowtext 0cm; padding: 0cm; mso-fareast-language: ES-MX;\">Constructora Vios, es responsable del uso y protecci\u00f3n de sus datos personales, en este sentido y atendiendo las obligaciones legales establecidas en la Ley Federal de Protecci\u00f3n de Datos Personales en Posesi\u00f3n de los Particulares, a trav\u00e9s de este instrumento se informa a los titulares de los datos, la informaci\u00f3n que de ellos se recaba y los fines que se le dar\u00e1n a dicha informaci\u00f3n. Adem\u00e1s de lo anterior, informamos que Constructora Vios, tiene su domicilio ubicado en: <\/span><span style=\"font-size: 12pt; font-family: Arial, sans-serif; color: #767171; background-image: initial; background-position: initial; background-size: initial; background-repeat: initial; background-attachment: initial; background-origin: initial; background-clip: initial;\">Av. Paseo de los Laureles #261 Fracc. Los Pinos<\/span><span style=\"font-size: 12.0pt; font-family: 'Arial','sans-serif'; mso-fareast-font-family: 'Times New Roman'; color: #767171; mso-themecolor: background2; mso-themeshade: 128; mso-style-textfill-fill-color: #767171; mso-style-textfill-fill-themecolor: background2; mso-style-textfill-fill-alpha: 100.0%; mso-style-textfill-fill-colortransforms: lumm=50000; border: none windowtext 1.0pt; mso-border-alt: none windowtext 0cm; padding: 0cm; mso-fareast-language: ES-MX;\"> en Mexicali Baja California para todos los efectos de este aviso de privacidad. <\/span><\/p>\n<p style=\"margin-bottom: 0.0001pt; text-align: justify; line-height: normal; background-image: initial; background-position: initial; background-size: initial; background-repeat: initial; background-attachment: initial; background-origin: initial; background-clip: initial; vertical-align: baseline;\"><span style=\"font-size: 12.0pt; font-family: 'Arial','sans-serif'; mso-fareast-font-family: 'Times New Roman'; color: #767171; mso-themecolor: background2; mso-themeshade: 128; mso-style-textfill-fill-color: #767171; mso-style-textfill-fill-themecolor: background2; mso-style-textfill-fill-alpha: 100.0%; mso-style-textfill-fill-colortransforms: lumm=50000; border: none windowtext 1.0pt; mso-border-alt: none windowtext 0cm; padding: 0cm; mso-fareast-language: ES-MX;\">&nbsp;<\/span><\/p>\n<p style=\"margin-bottom: 0.0001pt; text-align: justify; line-height: normal; background-image: initial; background-position: initial; background-size: initial; background-repeat: initial; background-attachment: initial; background-origin: initial; background-clip: initial; vertical-align: baseline;\"><span style=\"font-size: 12.0pt; font-family: 'Arial','sans-serif'; mso-fareast-font-family: 'Times New Roman'; color: #767171; mso-themecolor: background2; mso-themeshade: 128; mso-style-textfill-fill-color: #767171; mso-style-textfill-fill-themecolor: background2; mso-style-textfill-fill-alpha: 100.0%; mso-style-textfill-fill-colortransforms: lumm=50000; border: none windowtext 1.0pt; mso-border-alt: none windowtext 0cm; padding: 0cm; mso-fareast-language: ES-MX;\">Los datos personales que recabamos&nbsp; ser\u00e1n utilizados para las siguientes finalidades, las cuales son necesarias para concretar nuestra relaci\u00f3n con usted, as\u00ed como para atender los servicios y\/o pedidos que solicite: Obtener informaci\u00f3n para iniciar una relaci\u00f3n contractual y\/o comercial, vinculada con la compra y\/o promoci\u00f3n y\/o transmisi\u00f3n de un buen inmueble destinado fines residenciales Por otra parte, le informamos que sus datos personales no ser\u00e1n compartidos con ninguna autoridad, empresa, organizaci\u00f3n o persona distintas a nosotros y ser\u00e1n utilizados exclusivamente para los fines se\u00f1alados. Usted tiene en todo momento el derecho a conocer qu\u00e9 datos personales tenemos de usted, para qu\u00e9 los utilizamos y las condiciones del uso que les damos (Acceso). Asimismo, es su derecho solicitar la correcci\u00f3n de su informaci\u00f3n personal en caso de que est\u00e9 desactualizada, sea inexacta o incompleta (Rectificaci\u00f3n); de igual manera, tiene derecho a que su informaci\u00f3n se elimine de nuestros registros o bases de datos cuando considere que la misma no est\u00e1 siendo utilizada adecuadamente (Cancelaci\u00f3n); as\u00ed como tambi\u00e9n a oponerse al uso de sus datos personales para fines espec\u00edficos (Oposici\u00f3n). Estos derechos se conocen como derechos ARCO.<\/span><\/p>\n<p style=\"margin-bottom: 0.0001pt; text-align: justify; line-height: normal; background-image: initial; background-position: initial; background-size: initial; background-repeat: initial; background-attachment: initial; background-origin: initial; background-clip: initial; vertical-align: baseline;\"><span style=\"font-size: 12.0pt; font-family: 'Arial','sans-serif'; mso-fareast-font-family: 'Times New Roman'; color: #767171; mso-themecolor: background2; mso-themeshade: 128; mso-style-textfill-fill-color: #767171; mso-style-textfill-fill-themecolor: background2; mso-style-textfill-fill-alpha: 100.0%; mso-style-textfill-fill-colortransforms: lumm=50000; mso-fareast-language: ES-MX;\">&nbsp;<\/span><span style=\"color: #767171; font-family: Arial, sans-serif; font-size: 12pt;\">&nbsp;<\/span><\/p>\n<p style=\"margin-bottom: 0.0001pt; text-align: justify; line-height: normal; background-image: initial; background-position: initial; background-size: initial; background-repeat: initial; background-attachment: initial; background-origin: initial; background-clip: initial; vertical-align: baseline;\"><span style=\"font-size: 12.0pt; font-family: 'Arial','sans-serif'; mso-fareast-font-family: 'Times New Roman'; color: #767171; mso-themecolor: background2; mso-themeshade: 128; mso-style-textfill-fill-color: #767171; mso-style-textfill-fill-themecolor: background2; mso-style-textfill-fill-alpha: 100.0%; mso-style-textfill-fill-colortransforms: lumm=50000; mso-fareast-language: ES-MX;\">Para el ejercicio de cualquiera de los derechos ARCO, se deber\u00e1 presentar la solicitud respectiva a trav\u00e9s de los formatos que estar\u00e1n a su disposici\u00f3n en: El domicilio antes mencionado, por medios electr\u00f3nicos mediante nuestro portal de internet, (<span style=\"border: none windowtext 1.0pt; mso-border-alt: none windowtext 0cm; padding: 0cm;\"><a href=\"https:\/\/l.facebook.com\/l.php?u=http%3A%2F%2Fwww.cantroltec.com%2F%3Ffbclid%3DIwAR3iGVpIHIbrd_4XS4cObC4fR_s3xX-sxZJdGTbtH2gN_89uVeq46TE8uLA&amp;h=AT317rxzVvpnSyc9Uk0BpKCYHHUS_RTh7-O4QVB6_3vQ4U7CXTiQ-Z-jGACECKB99Fhlah6Bjp6DPosML-PFfDJGc5lUomdEM0LQq-6_gT8J-yODqQpwcP3MC-iSBzo87RM\" target=\"_blank\" rel=\"noopener\"><span style=\"color: #767171;\">www.<\/span><\/a>constructoravios.com<\/span>&nbsp;o mediante nuestro correo electr\u00f3nico (contacto@constructoravios.com) Lo anterior tambi\u00e9n servir\u00e1 para conocer el procedimiento y requisitos para el ejercicio de los derechos ARCO. En todo caso la respuesta a la solicitud se dar\u00e1 en el siguiente plazo: No mayor a 1 mes. Los datos de contacto de la persona o departamento de datos personales, que est\u00e1 a cargo de dar tr\u00e1mite a las solicitudes de derechos ARCO, son los siguientes:<\/span><\/p>\n<p style=\"margin-bottom: 0.0001pt; text-align: justify; line-height: normal; background-image: initial; background-position: initial; background-size: initial; background-repeat: initial; background-attachment: initial; background-origin: initial; background-clip: initial; vertical-align: baseline;\"><span style=\"font-size: 12.0pt; font-family: 'Arial','sans-serif'; mso-fareast-font-family: 'Times New Roman'; color: #767171; mso-themecolor: background2; mso-themeshade: 128; mso-style-textfill-fill-color: #767171; mso-style-textfill-fill-themecolor: background2; mso-style-textfill-fill-alpha: 100.0%; mso-style-textfill-fill-colortransforms: lumm=50000; mso-fareast-language: ES-MX;\">Departamento: Atenci\u00f3n al cliente Domicilio: <\/span><span style=\"font-size: 12pt; font-family: Arial, sans-serif; color: #767171; background-image: initial; background-position: initial; background-size: initial; background-repeat: initial; background-attachment: initial; background-origin: initial; background-clip: initial;\">Av. Paseo de los Laureles #261 Fracc. Los Pinos<\/span><span style=\"font-size: 12.0pt; font-family: 'Arial','sans-serif'; mso-fareast-font-family: 'Times New Roman'; color: #767171; mso-themecolor: background2; mso-themeshade: 128; mso-style-textfill-fill-color: #767171; mso-style-textfill-fill-themecolor: background2; mso-style-textfill-fill-alpha: 100.0%; mso-style-textfill-fill-colortransforms: lumm=50000; border: none windowtext 1.0pt; mso-border-alt: none windowtext 0cm; padding: 0cm; mso-fareast-language: ES-MX;\"> en Mexicali Baja California<\/span><span style=\"font-size: 12.0pt; font-family: 'Arial','sans-serif'; mso-fareast-font-family: 'Times New Roman'; color: #767171; mso-themecolor: background2; mso-themeshade: 128; mso-style-textfill-fill-color: #767171; mso-style-textfill-fill-themecolor: background2; mso-style-textfill-fill-alpha: 100.0%; mso-style-textfill-fill-colortransforms: lumm=50000; mso-fareast-language: ES-MX;\"> Cabe mencionar, que en cualquier momento usted puede revocar su consentimiento para el uso de sus datos personales. Del mismo modo, usted puede revocar el consentimiento que, en su caso, nos haya otorgado para el tratamiento de sus datos personales. Asimismo, usted deber\u00e1 considerar que para ciertos fines la revocaci\u00f3n de su consentimiento implicar\u00e1 que no podamos seguir prestando el servicio que nos solicit\u00f3, o la conclusi\u00f3n de su relaci\u00f3n con nosotros. Para revocar el consentimiento que usted otorga en este acto o para limitar su divulgaci\u00f3n, se deber\u00e1 presentar la solicitud por escrito, y contener lo siguiente: (1) Nombre completo, Tel\u00e9fono, correo electr\u00f3nico o medio para recibir comunicaciones (2) Identificaci\u00f3n o cualquier otro documento que acrediten su personalidad o la de su representante legal (3) La explicaci\u00f3n clara y precisa de los datos personales a los cuales desea tener acceso, rectificar, cancelar u oponerse, firma original como la de su identificaci\u00f3n oficial.<\/span><span style=\"color: #767171; font-family: Arial, sans-serif; font-size: 12pt;\">&nbsp;<\/span><\/p><p style=\"margin-bottom: 0.0001pt; text-align: justify; line-height: normal; background-image: initial; background-position: initial; background-size: initial; background-repeat: initial; background-attachment: initial; background-origin: initial; background-clip: initial; vertical-align: baseline;\"><span style=\"color: rgb(118, 113, 113); font-family: Arial, sans-serif; font-size: 12pt;\"><br><\/span><\/p><p style=\"margin-bottom: 0.0001pt; text-align: justify; line-height: normal; background-image: initial; background-position: initial; background-size: initial; background-repeat: initial; background-attachment: initial; background-origin: initial; background-clip: initial; vertical-align: baseline;\"><span style=\"color: rgb(118, 113, 113); font-family: Arial, sans-serif; font-size: 12pt;\">Del mismo modo, podr\u00e1 solicitar la informaci\u00f3n para conocer el procedimiento y requisitos para la revocaci\u00f3n del consentimiento, as\u00ed como limitar el uso y divulgaci\u00f3n de su informaci\u00f3n personal. En cualquier caso, la respuesta a las peticiones se dar\u00e1 a conocer en el siguiente plazo: 1 mes a partir de la fecha de su petici\u00f3n. De cambios en nuestro modelo de negocio, o por otras causas, por lo cual, nos comprometemos a mantenerlo informado sobre los cambios que pueda sufrir el presente aviso de privacidad, sin embargo, usted puede solicitar informaci\u00f3n sobre si el mismo ha sufrido alg\u00fan cambio a trav\u00e9s de la siguiente direcci\u00f3n electr\u00f3nica: contacto@constructoravios.com<\/span><\/p><\/div>\n\t\t\t\t<\/div>\n\t\t\t\t<\/div>\n\t\t\t\t\t<\/div>\n\t\t<\/div>\n\t\t\t\t\t\t\t<\/div>\n\t\t<\/section>\n\t\t\t\t\t\t<\/div>\n\t\t\t\t\t<\/div>\n\t\t","protected":false},"excerpt":{"rendered":"<p>Aviso de privacidad De conformidad con lo establecido en la Ley Federal de Protecci\u00f3n de Datos Personales en Posesi\u00f3n de los Particulares, Constructora Vios &nbsp;pone a su disposici\u00f3n el siguiente aviso de privacidad. &nbsp; Constructora Vios, es responsable del uso y protecci\u00f3n de sus datos personales, en este sentido y atendiendo las obligaciones legales establecidas en la Ley Federal de Protecci\u00f3n de Datos Personales en Posesi\u00f3n de los Particulares, a trav\u00e9s de este instrumento se informa a los titulares de&hellip;<\/p>\n<p class=\"more\"><a class=\"more-link\" href=\"https:\/\/constructoravios.com\/index.php\/aviso-de-privacidad\/\">Continue reading <span class=\"screen-reader-text\">Aviso de privacidad<\/span><\/a><\/p>\n","protected":false},"author":1,"featured_media":0,"parent":0,"menu_order":0,"comment_status":"closed","ping_status":"closed","template":"","meta":[],"_links":{"self":[{"href":"https:\/\/constructoravios.com\/index.php\/wp-json\/wp\/v2\/pages\/557"}],"collection":[{"href":"https:\/\/constructoravios.com\/index.php\/wp-json\/wp\/v2\/pages"}],"about":[{"href":"https:\/\/constructoravios.com\/index.php\/wp-json\/wp\/v2\/types\/page"}],"author":[{"embeddable":true,"href":"https:\/\/constructoravios.com\/index.php\/wp-json\/wp\/v2\/users\/1"}],"replies":[{"embeddable":true,"href":"https:\/\/constructoravios.com\/index.php\/wp-json\/wp\/v2\/comments?post=557"}],"version-history":[{"count":7,"href":"https:\/\/constructoravios.com\/index.php\/wp-json\/wp\/v2\/pages\/557\/revisions"}],"predecessor-version":[{"id":564,"href":"https:\/\/constructoravios.com\/index.php\/wp-json\/wp\/v2\/pages\/557\/revisions\/564"}],"wp:attachment":[{"href":"https:\/\/constructoravios.com\/index.php\/wp-json\/wp\/v2\/media?parent=557"}],"curies":[{"name":"wp","href":"https:\/\/api.w.org\/{rel}","templated":true}]}}